?
True
Is 30910 a multiple of 25?
False
Is 40 a factor of 240?
True
Is 355 a multiple of 5?
True
Does 5 divide 2694?
False
Is 169 a factor of 2435?
False
Does 256 divide 165120?
True
Is 2080 a multiple of 20?
True
Is 3567 a multiple of 2?
False
Is 12719 a multiple of 6?
False
Does 46 divide 1022?
False
Is 481 a multiple of 22?
False
Is 22469 a multiple of 21?
False
Does 62 divide 45446?
True
Does 4 divide 789?
False
Is 2866 a multiple of 11?
False
Is 1897 a multiple of 19?
False
Is 11 a factor of 902?
True
Is 5604 a multiple of 3?
True
Does 31 divide 6983?
False
Is 6921 a multiple of 165?
False
Is 4105 a multiple of 5?
True
Does 34 divide 4854?
False
Is 10 a factor of 300?
True
Is 16 a factor of 989?
False
Does 26 divide 6734?
True
Does 33 divide 825?
True
Does 2 divide 612?
True
Is 245 a multiple of 5?
True
Is 21546 a multiple of 81?
True
Is 15 a factor of 134?
False
Does 6 divide 1062?
True
Is 19 a factor of 6935?
True
Does 198 divide 26468?
False
Is 39 a factor of 69966?
True
Does 72 divide 683?
False
Is 640 a multiple of 20?
True
Is 142 a factor of 3296?
False
Is 1760 a multiple of 32?
True
Is 1224 a multiple of 20?
False
Is 23 a multiple of 4?
False
Is 2270 a multiple of 60?
False
Is 1008 a multiple of 42?
True
Is 7288 a multiple of 56?
False
Does 353 divide 19281?
False
Is 34524 a multiple of 4?
True
Is 6 a factor of 1647?
False
Does 269 divide 15333?
True
Does 13 divide 45171?
False
Is 13 a factor of 324?
False
Is 9 a factor of 882?
True
Is 32488 a multiple of 9?
False
Does 73 divide 5183?
True
Is 84 a factor of 1726?
False
Does 16 divide 3368?
False
Does 17 divide 16286?
True
Is 764 a multiple of 54?
False
Is 13 a factor of 1714?
False
Is 11 a factor of 31275?
False
Is 117 a factor of 1755?
True
Is 34788 a multiple of 10?
False
Does 14 divide 31717?
False
Is 1603 a multiple of 19?
False
Is 1122 a multiple of 33?
True
Is 21281 a multiple of 13?
True
Is 4 a factor of 327?
False
Does 14 divide 8601?
False
Does 2 divide 54?
True
Is 45570 a multiple of 10?
True
Does 44 divide 132?
True
Is 17 a factor of 3757?
True
Is 29 a factor of 1363?
True
Is 47 a factor of 2491?
True
Is 15691 a multiple of 71?
True
Does 12 divide 2700?
True
Is 16 a factor of 2768?
True
Does 20 divide 440?
True
Does 87 divide 61335?
True
Is 12 a factor of 1868?
False
Is 32142 a multiple of 66?
True
Does 98 divide 11247?
False
Does 27 divide 40990?
False
Is 810 a multiple of 11?
False
Is 11 a factor of 1644?
False
Does 12 divide 2255?
False
Does 6 divide 1642?
False
Does 8 divide 7328?
True
Is 19 a factor of 779?
True
Is 19 a factor of 3935?
False
Does 14 divide 9793?
False
Does 66 divide 17160?
True
Is 52 a multiple of 2?
True
Is 6201 a multiple of 24?
False
Is 230 a multiple of 32?
False
Is 2349 a multiple of 9?
True
Does 108 divide 1225?
False
Does 3 divide 167?
False
Does 17 divide 663?
True
Does 9 divide 61724?
False
Does 8 divide 2488?
True
Is 22 a factor of 7348?
True
Is 1376 a multiple of 8?
True
Is 3 a factor of 285?
True
Does 9 divide 2520?
True
Does 5 divide 4264?
False
Is 5 a factor of 3739?
False
Does 28 divide 336?
True
Is 64763 a multiple of 39?
False
Is 41 a factor of 1893?
False
Is 48 a factor of 5136?
True
Is 2 a factor of 7?
False
Is 6 a factor of 286?
False
Is 64 a factor of 12568?
False
Is 70 a factor of 1439?
False
Is 296 a multiple of 4?
True
Does 104 divide 20212?
False
Is 63 a multiple of 15?
False
Is 16444 a multiple of 10?
False
Is 115 a factor of 2300?
True
Does 90 divide 7151?
False
Does 19 divide 782?
False
Does 34 divide 14999?
False
Does 39 divide 698?
False
Is 38773 a multiple of 18?
False
Is 21350 a multiple of 16?
False
Is 12 a factor of 1716?
True
Does 26 divide 204?
False
Is 11 a factor of 104020?
False
Is 4 a factor of 292?
True
Does 58 divide 848?
False
Does 17 divide 9926?
False
Does 43 divide 989?
True
Is 534 a multiple of 14?
False
Is 4354 a multiple of 18?
False
Is 2343 a multiple of 74?
False
Does 7 divide 1239?
True
Is 160 a factor of 82240?
True
Is 51 a factor of 20094?
True
Is 16 a factor of 446?
False
Does 17 divide 1343?
True
Does 36 divide 5544?
True
Does 31 divide 527?
True
Does 13 divide 849?
False
Does 91 divide 3962?
False
Is 92 a factor of 2201?
False
Is 19 a factor of 1634?
True
Does 53 divide 18656?
True
Is 2 a factor of 16285?
False
Is 30 a factor of 5731?
False
Is 45 a factor of 29115?
True
Is 23 a factor of 1035?
True
Is 84 a multiple of 14?
True
Is 4056 a multiple of 33?
False
Does 108 divide 872?
False
Is 5 a multiple of 4?
False
Is 14 a factor of 548?
False
Is 7804 a multiple of 8?
False
Does 28 divide 15217?
False
Is 41 a factor of 738?
True
Is 104394 a multiple of 381?
True
Is 102 a factor of 2167?
False
Does 6 divide 39588?
True
Is 3182 a multiple of 24?
False
Does 165 divide 47640?
False
Is 89697 a multiple of 96?
False
Does 5 divide 126?
False
Does 42 divide 8810?
False
Does 14 divide 198883?
False
Does 17 divide 391?
True
Is 3 a factor of 305?
False
Is 10 a factor of 300?
True
Does 256 divide 15360?
True
Is 42075 a multiple of 51?
True
Does 11 divide 41371?
True
Is 27 a factor of 2592?
True
Does 2 divide 10862?
True
Does 31 divide 55335?
True
Is 166 a multiple of 4?
False
Is 6031 a multiple of 69?
False
Is 31 a factor of 6572?
True
Does 22 divide 520?
False
Is 366 a multiple of 6?
True
Does 10 divide 7328?
False
Is 118 a factor of 9998?
False
Does 29 divide 194?
False
Is 25 even?
False
Is 2834 a multiple of 26?
True
Does 20 divide 1540?
True
Does 51 divide 3264?
True
Does 8 divide 394?
False
Is 600 a multiple of 10?
True
Is 1310 a multiple of 21?
False
Is 412 a multiple of 32?
False
Is 947 a multiple of 8?
False
Is 38 even?
True
Does 134 divide 3948?
False
Is 10 a factor of 918?
False
Does 52 divide 1040?
True
Is 24 a factor of 552?
True
Is 600 a multiple of 4?
True
Does 159 divide 21364?
False
Does 18 divide 1282?
False
Is 121121 a multiple of 13?
True
Does 2 divide 2795?
False
Is 12 a factor of 143232?
True
Does 38 divide 18955?
False
Is 8 a factor of 939?
False
Is 8 a factor of 5791?
False
Is 1038 even?
True
Is 8 a factor of 10577?
False
Is 1690 a multiple of 13?
True
Is 51 a factor of 561?
True
Is 12049 a multiple of 2?
False
Does 3 divide 8292?
True
Does 43 divide 14491?
True
Is 2 a factor of 21?
False
Does 23 divide 1633?
True
Is 3763 a multiple of 71?
True
Is 43 a factor of 3854?
False
Does 7 divide 5054?
True
Is 39 a factor of 16497?
True
Is 5010 a multiple of 15?
True
Does 83 divide 2661?
False
Is 1358 a multiple of 16?
False
Does 21 divide 1522?
False
Does 116 divide 7272?
False
Is 7941 a multiple of 4?
False
Is 2475 a multiple of 225?
True
Is 55 a factor of 715?
True
Is 53 a factor of 2491?
True
Does 9 divide 39411?
True
Is 38874 a multiple of 39?
False
Does 14 divide 56742?
True
Is 81 a factor of 1134?
True
Is 90 a multiple of 3?
True
Does 22 divide 44010?
False
Is 444 a multiple of 6?
True
Is 533 a multiple of 13?
True
Is 53436 a multiple of 10?
False
Is 40 a factor of 633?
False
Is 54 a factor of 17118?
True
Does 23 divide 12351?
True
Does 99 divide 46593?
False
Is 6 a factor of 253?
False
Is 6636 a multiple of 21?
True
Is 848 a multiple of 8?
True
Does 35 divide 1112?
False
Is 13923 a multiple of 221?
True
Is 39 a factor of 1677?
True
Is 173 a factor of 7165?
False
Is 74 a factor of 3026?
False
Is 5 a factor of 1730?
True
Does 136 divide 1360?
True
Is 2180 a multiple of 18?
False
Is 10 a factor of 1190?
True
Is 72 a multiple of 36?
True
Is 12 a factor of 188?
False
Is 456 a multiple of 5?
False
Does 22 divide 3203?
False
Is 2060 a multiple of 23?
False
Does 9 divide 11791?
False
Is 62041 a multiple of 7?
True
Is 397 even?
False
Is 100 a multiple of 10?
True
Is 70 a factor of 1050?
True
Is 2045 a multiple of 73?
False
Is 1419 a multiple of 51?
False
Is 22 a factor of 54?
False
Is 79 a factor of 6935?
False
Does 103 divide 6798?
True
Is 58842 a multiple of 34?
False
Does 10 divide 500?
True
Does 73 divide 1898?
True
Does 14 divide 3906?
True
Is 2288 a multiple of 22?
True
Is 9413 a multiple of 6?
False
Does 74 divide 11448?
False
Is 1224 a multiple of 36?
True
Does 39 divide 4368?
True
Does 17 divide 36169?
False
Is 8658 a multiple of 39?
True
Is 13 a factor of 5603?
True
Does 25 divide 19610?
False
Does 24 divide 870?
False
Is 41728 a multiple of 64?
True
Does 14 divide 70?
True
Is 741